0 - s. What is the units digit of o?
1
Let j be (1 - 0)/((-8)/16). Suppose 8 = b - z, -b + 5*b + 4*z = -8. What is the units digit of (b + j)/(3/327)?
9
Let p = -54 + 60. Suppose 5*u + p - 16 = 0. Suppose 3*q + 2*n = u*q + 112, 4*q + 5*n = 442. What is the hundreds digit of q?
1
What is the units digit of 352 + 15/(-180) + (-259)/(-84)?
5
Suppose 0 = 5*h - 20 + 5, 2*h = 5*x - 9. Suppose 0 = 3*c + 4*g - 1222 + 328, 5*g + 298 = c. What is the units digit of c/6*x - -1?
0
What is the units digit of (32 - 4830/147)/((-3)/48482)?
2
Let q = 595 + 166. Suppose 5*k = -4*y + 1513, -k = 4*y - 2*y - q. What is the tens digit of y?
8
What is the tens digit of (2625568/112)/(-11)*(-14)/4?
5
Let n(i) = -1849*i + 327. What is the hundreds digit of n(-2)?
0
What is the hundreds digit of -6393*(187/33 + -6)?
1
Let z(o) = -315*o - 360. Let y(b) = -35*b - 40. Let k(i) = -55*y(i) + 6*z(i). Let r(q) = -q - 1. Let u(s) = 3*k(s) + 120*r(s). What is the tens digit of u(-5)?
7
Let z(j) = 3*j + 6*j**2 - 8*j + 108 - 9*j + 27 - 2*j. What is the units digit of z(6)?
5
Suppose -3*y - 392 = -c - 2*y, -1942 = -5*c - y. Let l(s) = -s + 5. Let u be l(0). Suppose 5*f = 2*a - 2 + c, 5*f = -u*a + 380. What is the tens digit of f?
7
Suppose 126*a - 2676 = 125*a + y, -4 = -y. What is the units digit of a?
0
Let m(v) = -25*v**2 + 35*v - 73. Let d(t) = -13*t**2 + 18*t - 37. Let b(z) = 11*d(z) - 6*m(z). What is the units digit of b(7)?
0
Let h(z) be the second derivative of z**5/20 + z**4/12 + 83*z**2 - 19*z. Let u be h(0). Let b = u + -101. What is the tens digit of b?
6
Let d be 6/42 + (-87)/21 - -4. Let z(m) = -7*m - 75. Let j(x) = x. Let l(f) = -6*j(f) - z(f). What is the units digit of l(d)?
5
Suppose 0 = -66*c + 60*c + 360. Suppose -c = -8*v + 180. What is the tens digit of v?
3
Let o(x) = 25*x**2 - 35*x - 62. What is the units digit of o(16)?
8
Let u = 242 + -238. Suppose 3*c + v = 3069, -u*v - 138 + 1150 = c. What is the hundreds digit of c?
0
Suppose -3*q + 15 = 6. Suppose 4*i = q*c - 15, -6*c = -5*c - 5*i - 5. Suppose 3*p = c*z + 481, -6*z - 827 = -5*p - 4*z. What is the tens digit of p?
6
Let w = 52 - 51. What is the units digit of 1*(-2 + 262/w)?
0
Suppose -3*l + q + 16248 = 0, -q - 13308 - 8358 = -4*l. What is the units digit of l?
8
Suppose -179*j + 1058783 = -75*j - 1279761. What is the thousands digit of j?
2
Let j(b) = 2669*b - 993. What is the hundreds digit of j(4)?
6
Let t = -2 - -25. Suppose 19*d = t*d. Suppose -4*y - 2*j = -304, d*y - 2*y + 5*j = -140. What is the tens digit of y?
7
Suppose 59*f - 54*f = -4*y + 23643, 5*f = -6*y + 23637. What is the thousands digit of f?
4
Suppose -27*b + 437 = -4*b. Suppose -6110 = -b*t + 3124. What is the tens digit of t?
8
Let x = -1538 + 2182. Let l = x + -430. What is the tens digit of l?
1
Let i(l) = 12*l**3 + 5*l**2 - 6*l + 13. Let q be i(3). Let j = q - 158. What is the hundreds digit of j?
2
Suppose 49*v = 47*v - 1910. Let r = 1690 + v. What is the tens digit of r?
3
Let a(h) = h**3 + 12*h**2 - 26*h - 6. Let f be a(-12). What is the tens digit of (f/4)/((-27)/(-36))?
0
Let s = 32362 + -5967. What is the thousands digit of s?
6
Let m(h) = 225*h + 4. Let p be m(2). Let w = 812 - p. Suppose 2*a = -4*u + w, -4 = a - 5*a. What is the tens digit of u?
8
Let h be 219/9 + 4/6. Let b be (-3)/2*646/(-2907) - 2/(-3). What is the tens digit of h + (4 + -1 - 6)*b?
2
Suppose 6 + 0 = 3*s. Suppose 0 = -5*v - 5*d + 215 + 505, -s*v + 4*d + 282 = 0. What is the hundreds digit of v?
1
Suppose -3*k + 154251 = 6*o - 11*o, -4*o - 154245 = -3*k. What is the units digit of k?
7
Suppose 0 = 33*a - 100*a + 78323. What is the tens digit of a?
6
Suppose 7299 = o + 47*f - 43*f, o - 7287 = 2*f. What is the thousands digit of o?
7
Suppose 0 = -32*m + 44*m - 31476. What is the thousands digit of m?
2
Let t(s) be the second derivative of s**4/12 + s**2/2 + s. Let a = -2922 + 2915. What is the tens digit of t(a)?
5
Suppose -31*s = -171599 + 29836. What is the hundreds digit of s?
5
Let f be (12/14)/(18/1764). Suppose 0 = -4*m - 4 + f. What is the units digit of m?
0
Let m = 68947 + -41311. What is the thousands digit of m?
7
Let z be 4/(-10) - (3 - 71630/(-50)). Let m = z - -2315. What is the tens digit of m?
7
Let i = 11782 + -5382. What is the thousands digit of i?
6
Suppose -3*b - 19*s + 18*s + 52919 = 0, 3*b + 2*s - 52915 = 0. What is the tens digit of b?
4
Let m(v) = -5*v + 2*v - 2*v + 1 + 2*v + 11*v**2 + 13*v**2. Let o be (-24)/9 - 4/(-6). What is the units digit of m(o)?
3
Let k(l) = 26222*l**3 + 2*l**2 + 7*l - 8. What is the tens digit of k(1)?
2
Let n = -44856 - -73316. What is the units digit of n?
0
Let b(s) be the second derivative of s**4/12 - s**3/2 - 9*s**2 + 18*s. Let y be b(10). Suppose -t = -27 - y. What is the units digit of t?
9
Let b = -314 + 308. What is the tens digit of 2 - (7 + 492/b)?
7
What is the units digit of 89685/6*((-637)/35 - -19)?
8
Let z(x) be the second derivative of 8*x + 89/2*x**2 + 0 + 1/6*x**3. What is the units digit of z(0)?
9
Suppose 45 = -3*w - f, -1 = -w - f - 16. Let n = -42 + w. Let g = n + 106. What is the units digit of g?
9
What is the tens digit of (8493/6)/(4 - (-14)/(-4))?
3
Let j(z) = -2*z**3 - 3*z**2 - 2*z + 7. Let d be j(-5). Suppose 5*w - 83 = d. Let r = w + -16. What is the tens digit of r?
3
Let b = 4032 - -11864. What is the ten thousands digit of b?
1
Suppose 2*q + 5 - 17 = 0. Let n(g) = -226*g**2 - 3*g - 10. Let w be n(q). What is the units digit of w/(-65) + 2/5?
6
Let x(l) = -16*l - 1. Suppose 0 = -5*u + 174 + 26. Let m = -44 + u. What is the tens digit of x(m)?
6
Let a(t) = 3*t**3 - 9*t**2 + 4*t + 6. Let s(v) = 13*v + 60. Let b be s(-4). What is the hundreds digit of a(b)?
9
Suppose 2*o = -f + 1051, 3*o + 1034 + 2137 = 3*f. Suppose 3*n + 3*a = -n + f, -3*a = -15. What is the units digit of n?
0
What is the thousands digit of 74457 + (196/(-42))/(7/(63/6))?
4
What is the thousands digit of -2 + 10 + (1316 - -5)?
1
Let u(d) = -18*d**3 + 8*d**2 - 39*d - 213. What is the tens digit of u(-8)?
2
What is the thousands digit of -10 + 168/18 - ((-74146)/6 - 2)?
2
Let g = 5 - 3. Let t be (-8 - -7)/(g/10). Let k(j) = 2*j**2 - 27*j - 1. What is the tens digit of k(t)?
8
Suppose 0 = x + 4*s - 2, 5*x = -0*s - 2*s + 28. Suppose x*z = z - 2*c + 3840, 5*z - 2*c = 3860. What is the tens digit of z?
7
Let z(n) = 3*n**2 + 44*n + 18. Let f be z(-13). Let k = f - -51. Suppose -395 = -4*l + w, k*l - 4*w = 6*l - 202. What is the tens digit of l?
9
Let t = 52 + -54. Let o be -3 - -480 - (0 + t). Suppose -3*y = -3*l + 471, -2*y + 7*y = -3*l + o. What is the units digit of l?
8
Let g be (-3)/(-12) + 2/(32/492). Let l(v) = -g + v**3 + 6*v**2 - 19 - 6*v + 44. What is the tens digit of l(-5)?
4
Let l = 2088 - 1453. Let h be (144/(-10))/(-7 + 4443/l). What is the tens digit of (h/(-24))/((-9)/12)?
5
Let o be ((-8)/(-3))/((-2)/(-18)). Let n(q) = -2*q**2 - 9*q + 28. Let j be n(-6). What is the units digit of -1*o/j*(-160)/8?
8
Let v(u) = 23*u + 461. What is the tens digit of v(46)?
1
Let o(n) be the first derivative of n**4/2 - n**3/3 + 11*n**2 + 16*n - 47. What is the tens digit of o(8)?
5
Let h = 291 + -305. Suppose -r + 3*s + 4 = -8, 15 = 4*r - s. What is the units digit of (-302)/h*r - 36/(-126)?
5
Let w = -344 + 374. What is the units digit of (-6892)/(-20) - 2*9/w?
4
Let l = 227 - 241. What is the units digit of 38/l + 3 - 9675/(-21)?
1
What is the units digit of (-6)/(-4)*38822/21?
3
Suppose -7*d + 50 = 3*d. Suppose d*l + 1235 = 4*o, -3*l + 819 - 196 = 2*o. Let t = 435 - o. What is the tens digit of t?
2
What is the units digit of 198310/22 + 4980/(-4565)?
3
What is the thousands digit of 346759/(-3)*(-276)/644?
9
Let j(o) = -177*o + 2045. What is the tens digit of j(-75)?
2
What is the hundreds digit of (1/10*-12)/((-86)/3972125)?
4
Let h = -8544 + 15204. What is the hundreds digit of h?
6
Suppose 5*w + 3*q = -30, 5*q - 4 = 5*w - 14. Let f = 16 - 10. Let v = f - w. What is the units digit of v?
9
Let o = -13155 - -42790. What is the tens digit of o?
3
What is the thousands digit of (-12)/4 - -15 - -1572?
1
Let f be ((-24)/15*-2)/((-5)/(-50)). Let s = f + -31. What is the tens digit of 57*s + 0 - (-12 - -9)?
6
What is the ten thousands digit of 4/6*(-713262)/88*-4?
2
Let p(t) = 71*t**2 + t - 75. Let d(l) = -25*